{"id":7060,"date":"2025-10-20T11:43:16","date_gmt":"2025-10-20T11:43:16","guid":{"rendered":"http:\/\/elenacuza.ro\/?page_id=7060"},"modified":"2026-03-03T10:02:10","modified_gmt":"2026-03-03T10:02:10","slug":"acreditare-erasmus-educatie-scolara-an-iii","status":"publish","type":"page","link":"http:\/\/elenacuza.ro\/?page_id=7060","title":{"rendered":"\u201eAcreditare Erasmus+, Educa\u021bie \u0219colar\u0103\u201d an III"},"content":{"rendered":"<h3 style=\"text-align: center;\">Bine a\u021bi venit pe pagina Proiectului de Acreditare Erasmus+!<\/h3>\n<h3 style=\"text-align: center;\"><strong>Perioada de derulare<\/strong>: 2022-2027<\/h3>\n<h3 style=\"text-align: center;\"><strong>ANUL 3 DE IMPLEMENTARE\u00a0<\/strong><\/h3>\n<h3 style=\"text-align: center;\">Num\u0103r proiect: 2024-1-RO01-KA121-SCH-000228476<\/h3>\n<p style=\"padding-left: 40px;\"><strong>Obiective:<\/strong><\/p>\n<p style=\"padding-left: 40px;\">O1 : Respectarea drepturilor omului prin neutralizarea comportamentelor de risc<\/p>\n<p style=\"padding-left: 40px;\">O2 : Modernizarea demersului didactic \u0219i a comunic\u0103rii cu familia<\/p>\n<p style=\"padding-left: 40px;\">O3 : Formarea de speciali\u0219ti \u00een management educa\u021bional<\/p>\n<p style=\"padding-left: 40px;\">O4 : Interna\u021bionalizarea \u0219colii prin proiecte Erasmus<\/p>\n<p style=\"padding-left: 40px;\"><strong>Num\u0103r profesori implica\u021bi \u00een mobilit\u0103\u021bi<\/strong>:<\/p>\n<p style=\"padding-left: 40px;\">&#8211; cursuri de formare : 2 profesori<\/p>\n<p style=\"padding-left: 40px;\">&#8211; job-shadowing : 2 profesori<\/p>\n<p style=\"padding-left: 40px;\"><strong>Num\u0103r elevi implicati \u00een mobilit\u0103\u021bi<\/strong>: 20 elevi<\/p>\n<p style=\"padding-left: 40px;\"><strong>Parteneri:<\/strong><\/p>\n<p style=\"padding-left: 40px;\"><strong>Mobilitati pentru elevi si profesori (job-shadowing):<\/strong><\/p>\n<p style=\"padding-left: 80px;\">Zesp\u00f3\u0142 Szk\u00f3\u0142 Og\u00f3lnokszta\u0142c\u0105cych, Hel, Polonia: <a href=\"https:\/\/www.zsohel.edu.pl\/\" target=\"_blank\" rel=\"noopener\">https:\/\/www.zsohel.edu.pl\/<\/a><\/p>\n<p style=\"padding-left: 80px;\">Platon M.E.P.E. Katerini: \u00a0<a href=\"https:\/\/platon.edu.gr\/en\" target=\"_blank\" rel=\"noopener\">https:\/\/platon.edu.gr\/en<\/a>\/<\/p>\n<p style=\"padding-left: 40px;\"><strong>\u00a0<\/strong><strong>Mobilit\u0103ti pentru profesori (cursuri):<\/strong><\/p>\n<p style=\"padding-left: 40px;\"><strong>\u00a0LINA Edu : <a href=\"https:\/\/linaedu.eu\/\">https:\/\/linaedu.eu\/<\/a> <\/strong><\/p>\n<p style=\"padding-left: 40px;\"><strong>\u00a0<\/strong><\/p>\n<p style=\"padding-left: 80px;\"><a href=\"http:\/\/elenacuza.ro\/wp-content\/uploads\/2025\/10\/1.pdf\" target=\"_blank\" rel=\"noopener\">1. Despre experien\u021ba Erasmus+<\/a><\/p>\n<p style=\"padding-left: 80px;\"><a href=\"https:\/\/youtu.be\/87QRmJlqMd0\" target=\"_blank\" rel=\"noopener\">2. Craiova, cartea nostra de vizita in proiectul Erasmus+<\/a><\/p>\n<p><iframe loading=\"lazy\" title=\"Craiova, cartea noastra de vizita in proiectul Erasmus+\" src=\"https:\/\/www.youtube.com\/embed\/87QRmJlqMd0\" width=\"900\" height=\"500\" frameborder=\"0\" allowfullscreen=\"allowfullscreen\"><\/iframe><\/p>\n<p style=\"padding-left: 80px;\">3. Valorile europene prin ochii copiilor nostri<\/p>\n<p><iframe loading=\"lazy\" title=\"Valorile europene prin ochii elevilor nostri\" src=\"https:\/\/www.youtube.com\/embed\/_7XQdu5FB9g\" width=\"900\" height=\"753\" frameborder=\"0\" allowfullscreen=\"allowfullscreen\"><\/iframe><\/p>\n<p style=\"padding-left: 80px;\"><a href=\"http:\/\/elenacuza.ro\/wp-content\/uploads\/2025\/10\/4.-Anunturi-Selectie.pdf\" target=\"_blank\" rel=\"noopener\">4. Anun\u021buri selec\u021bie<\/a><\/p>\n<p style=\"padding-left: 80px;\"><a href=\"http:\/\/elenacuza.ro\/wp-content\/uploads\/2025\/10\/5.-Rezultate.pdf\" target=\"_blank\" rel=\"noopener\">5. Rezultate selec\u021bie<\/a><\/p>\n<p style=\"padding-left: 80px;\"><a href=\"http:\/\/elenacuza.ro\/wp-content\/uploads\/2025\/10\/6.-Pregatire.pdf\" target=\"_blank\" rel=\"noopener\">6. Preg\u0103tire participan\u021bi<\/a><\/p>\n<p style=\"padding-left: 80px;\">7. Mobilit\u0103\u021bi elevi<\/p>\n<p style=\"padding-left: 120px;\"><a href=\"http:\/\/elenacuza.ro\/wp-content\/uploads\/2025\/10\/7.-Mobilitate-Grecia.pdf\" target=\"_blank\" rel=\"noopener\">\u00a0Mobilitate Grecia<\/a><\/p>\n<p style=\"padding-left: 120px;\"><a href=\"http:\/\/elenacuza.ro\/wp-content\/uploads\/2025\/10\/7.-Mobilitate-Polonia.pdf\" target=\"_blank\" rel=\"noopener\">\u00a0Mobilitate Polonia<\/a><\/p>\n<p style=\"padding-left: 80px;\">8. Mobilit\u0103\u021bi profesori (job shadowing)<\/p>\n<p style=\"padding-left: 120px;\"><a href=\"http:\/\/elenacuza.ro\/wp-content\/uploads\/2025\/10\/8-Mobilitati-profesori-job-shadowing-Grecia.pdf\" target=\"_blank\" rel=\"noopener\">Mobilitate Grecia<\/a><\/p>\n<p style=\"padding-left: 120px;\"><a href=\"http:\/\/elenacuza.ro\/wp-content\/uploads\/2025\/10\/8-Mobilitati-profesori-job-shadowing-Polonia.pdf\" target=\"_blank\" rel=\"noopener\">Mobilitate Polonia<\/a><\/p>\n<p style=\"padding-left: 80px;\"><a href=\"http:\/\/elenacuza.ro\/wp-content\/uploads\/2025\/10\/9-Mobilitati-profesori.pdf\" target=\"_blank\" rel=\"noopener\">9. Mobilit\u0103\u0163i profesori (curs)<\/a><\/p>\n<p style=\"padding-left: 80px;\"><a href=\"http:\/\/elenacuza.ro\/wp-content\/uploads\/2025\/10\/10-Diseminare.pdf\" target=\"_blank\" rel=\"noopener\">10. Diseminare<\/a><\/p>\n<p style=\"padding-left: 80px;\"><a href=\"http:\/\/elenacuza.ro\/wp-content\/uploads\/2025\/10\/11-Proiectul-in-mass-media.pdf\" target=\"_blank\" rel=\"noopener\">11. Proiectul \u00een social media \u0219i mass media<\/a><\/p>\n<h2 style=\"text-align: justify;\"><iframe loading=\"lazy\" src=\"http:\/\/elenacuza.ro\/wp-content\/uploads\/2026\/03\/Revista-internationala-ERASMUS.pdf\" width=\"100%\" height=\"800\" scrolling=\"auto\"><\/iframe><\/h2>\n<p>&nbsp;<\/p>\n","protected":false},"excerpt":{"rendered":"<p>Bine a\u021bi venit pe pagina Proiectului de Acreditare Erasmus+! Perioada de derulare: 2022-2027 ANUL 3 DE IMPLEMENTARE\u00a0 Num\u0103r proiect: 2024-1-RO01-KA121-SCH-000228476 Obiective: O1 : Respectarea drepturilor omului prin neutralizarea comportamentelor de risc O2 : Modernizarea demersului didactic \u0219i a comunic\u0103rii cu familia O3 : Formarea de speciali\u0219ti \u00een management educa\u021bional O4 [&hellip;]<\/p>\n","protected":false},"author":1,"featured_media":0,"parent":0,"menu_order":0,"comment_status":"closed","ping_status":"closed","template":"template-full-width.php","meta":[],"_links":{"self":[{"href":"http:\/\/elenacuza.ro\/index.php?rest_route=\/wp\/v2\/pages\/7060"}],"collection":[{"href":"http:\/\/elenacuza.ro\/index.php?rest_route=\/wp\/v2\/pages"}],"about":[{"href":"http:\/\/elenacuza.ro\/index.php?rest_route=\/wp\/v2\/types\/page"}],"author":[{"embeddable":true,"href":"http:\/\/elenacuza.ro\/index.php?rest_route=\/wp\/v2\/users\/1"}],"replies":[{"embeddable":true,"href":"http:\/\/elenacuza.ro\/index.php?rest_route=%2Fwp%2Fv2%2Fcomments&post=7060"}],"version-history":[{"count":26,"href":"http:\/\/elenacuza.ro\/index.php?rest_route=\/wp\/v2\/pages\/7060\/revisions"}],"predecessor-version":[{"id":7133,"href":"http:\/\/elenacuza.ro\/index.php?rest_route=\/wp\/v2\/pages\/7060\/revisions\/7133"}],"wp:attachment":[{"href":"http:\/\/elenacuza.ro\/index.php?rest_route=%2Fwp%2Fv2%2Fmedia&parent=7060"}],"curies":[{"name":"wp","href":"https:\/\/api.w.org\/{rel}","templated":true}]}}