{"id":6874,"date":"2025-05-27T04:19:31","date_gmt":"2025-05-27T04:19:31","guid":{"rendered":"http:\/\/elenacuza.ro\/?page_id=6874"},"modified":"2025-05-27T04:19:31","modified_gmt":"2025-05-27T04:19:31","slug":"proiect-erasmus-web-design-and-app-programming-for-all-nr-2024-1-ro01-ka122-vet000202370","status":"publish","type":"page","link":"http:\/\/elenacuza.ro\/?page_id=6874","title":{"rendered":"Proiect Erasmus+  Web Design And App Programming For All nr. 2024-1-RO01-KA122-VET000202370"},"content":{"rendered":"<h3 style=\"text-align: center;\"><strong>Proiect Erasmus+\u00a0<\/strong><strong>\u00abWEB DESIGN AND APP PROGRAMMING FOR ALL\u00bb (nr. de referin\u0163\u0103 2024-1-RO01-KA122-VET000202370)<\/strong><strong><br \/>\n<\/strong><strong>DOMENIUL FORMARE PROFESIONAL\u0102 VET<\/strong><\/h3>\n<h3><strong>PERIOADA DE DERULARE<\/strong><strong>: 12 luni (01.10.2024-30.09.2025)<\/strong><\/h3>\n<h3><strong>NUM\u0102R TOTAL DE ELEVI IMPLICA\u021aI \u00ceN MOBILIT\u0102\u021aI<\/strong><strong>: 28<\/strong><\/h3>\n<ul>\n<li>\n<h3><strong>NUM\u0102R ELEVI PARTICIPAN\u021aI LA STAGIUL PRACTIC DE APP PROGRAMMING, 05<\/strong><strong>-16 mai 2025<\/strong><strong>, Paphos, Cipru, furnizor L. Lazarou CTC<\/strong><strong>: 14<\/strong><\/h3>\n<\/li>\n<li>\n<h3><strong>NUM\u0102R ELEVI PARTICIPAN\u021aI LA STAGIUL PRACTIC DE WEB DESIGN, 07<\/strong><strong>-19 iunie 2025<\/strong><strong>, Lisabona, Portugalia, furnizor Jelly Code<\/strong><strong>: 14\u00a0<\/strong><\/h3>\n<\/li>\n<\/ul>\n<h3><strong>NUM\u0102R TOTAL PROFESORI \u00ceNSO\u021aITORI: 4<\/strong><\/h3>\n<h3><strong>ORGANIZA\u0162II DE PRIMIRE:<\/strong><\/h3>\n<ul>\n<li>\n<h3><strong> LAZAROU CTC<\/strong><strong>, CIPRU<\/strong><\/h3>\n<\/li>\n<li>\n<h3><strong>JELLY CODE, PORTUGALIA<\/strong><\/h3>\n<\/li>\n<\/ul>\n<h3><strong>ORGANIZA\u0162II INTERMEDIARE:<\/strong><\/h3>\n<ul>\n<li>\n<h3><strong>ORGANIZATION FOR PROMOTION OF EUROPEAN ISSUES<\/strong><strong>, CIPRU<\/strong><\/h3>\n<\/li>\n<li>\n<h3><strong>SAPERE AUDE &#8211; EDUCA\u00c7\u00c3O E FORM\u0102\u00c7\u00c3O LDA<\/strong><strong>, PORTUGALIA<\/strong><\/h3>\n<\/li>\n<\/ul>\n<h3><strong>OBIECTIVE:<\/strong><\/h3>\n<h3><strong>O1-Dezvoltarea cu 80% a competen\u0163elor de programare a 28 elevi (cls. X-XI)\u00a0de la profilul real, specializarea\u00a0matematic\u0103-informatic\u0103, din\u00a0Colegiul Na\u0163ional \u00abElena Cuza\u00bb,\u00a0prin crearea de proiecte\/programe\/aplica\u0163ii ce corespund standardelor domeniului IT<\/strong><\/h3>\n<h3><strong>O2-Dezvoltarea cu 80% a competen\u0163elor soft \u015fi antreprenoriale a 28 de elevi (cls. X-XI) de la profilul real, specializarea\u00a0matematic\u0103-informatic\u0103, din\u00a0Colegiul Na\u0163ional \u00abElena Cuza\u00bb<\/strong><\/h3>\n<h3><strong>O3-Cre\u015fterea cu 50% a gradului de participare a fetelor de la profilul real, specializarea\u00a0matematic\u0103-informatic\u0103, din\u00a0Colegiul Na\u0163ional \u00abElena Cuza\u00bb,\u00a0la pia\u021ba for\u0163ei de munc\u0103 \u00een domenii IT<\/strong><\/h3>\n<h3><strong>O4-Dezvoltarea cu 80% a competen\u0163elor\u00a0de protec\u021bie a mediului\u00a0a 28 de elevi (cls. X-XI) de la profilul real, specializarea\u00a0matematic\u0103-informatic\u0103\u00a0din\u00a0Colegiul Na\u0163ional \u00abElena Cuza\u00bb<\/strong><\/h3>\n<h3><strong>O5-Cre\u015fterea cu 80% a comunic\u0103rii la nivel local, na\u0163ional, european cu \u015fcoli din re\u0163eaua Erasmus \u00een vederea transferului de inova\u0163ie \u00een sectorul IT &amp; cunoa\u015fterii cerin\u0163elor pie\u0163ei muncii europene<\/strong><\/h3>\n<h3><strong>PAGINA DE FACEBOOK A PROIECTELOR DIN DOMENIUL FORM\u0102RII PROFESIONALE VET:\u00a0<\/strong><strong><a href=\"https:\/\/www.facebook.com\/profile.php?id=61553180841432\">https:\/\/www.facebook.com\/profile.php?id=61553180841432<\/a><\/strong><\/h3>\n<h3><strong>\u00a0<\/strong><\/h3>\n","protected":false},"excerpt":{"rendered":"<p>Proiect Erasmus+\u00a0\u00abWEB DESIGN AND APP PROGRAMMING FOR ALL\u00bb (nr. de referin\u0163\u0103 2024-1-RO01-KA122-VET000202370) DOMENIUL FORMARE PROFESIONAL\u0102 VET PERIOADA DE DERULARE: 12 luni (01.10.2024-30.09.2025) NUM\u0102R TOTAL DE ELEVI IMPLICA\u021aI \u00ceN MOBILIT\u0102\u021aI: 28 NUM\u0102R ELEVI PARTICIPAN\u021aI LA STAGIUL PRACTIC DE APP PROGRAMMING, 05-16 mai 2025, Paphos, Cipru, furnizor L. Lazarou CTC: 14 NUM\u0102R [&hellip;]<\/p>\n","protected":false},"author":1,"featured_media":0,"parent":0,"menu_order":0,"comment_status":"closed","ping_status":"closed","template":"template-full-width.php","meta":[],"_links":{"self":[{"href":"http:\/\/elenacuza.ro\/index.php?rest_route=\/wp\/v2\/pages\/6874"}],"collection":[{"href":"http:\/\/elenacuza.ro\/index.php?rest_route=\/wp\/v2\/pages"}],"about":[{"href":"http:\/\/elenacuza.ro\/index.php?rest_route=\/wp\/v2\/types\/page"}],"author":[{"embeddable":true,"href":"http:\/\/elenacuza.ro\/index.php?rest_route=\/wp\/v2\/users\/1"}],"replies":[{"embeddable":true,"href":"http:\/\/elenacuza.ro\/index.php?rest_route=%2Fwp%2Fv2%2Fcomments&post=6874"}],"version-history":[{"count":1,"href":"http:\/\/elenacuza.ro\/index.php?rest_route=\/wp\/v2\/pages\/6874\/revisions"}],"predecessor-version":[{"id":6875,"href":"http:\/\/elenacuza.ro\/index.php?rest_route=\/wp\/v2\/pages\/6874\/revisions\/6875"}],"wp:attachment":[{"href":"http:\/\/elenacuza.ro\/index.php?rest_route=%2Fwp%2Fv2%2Fmedia&parent=6874"}],"curies":[{"name":"wp","href":"https:\/\/api.w.org\/{rel}","templated":true}]}}

<h3 style="text-align: center;"><strong>Proiect Erasmus+ </strong><strong>«WEB DESIGN AND APP PROGRAMMING FOR ALL» (nr. de referinţă 2024-1-RO01-KA122-VET000202370)</strong><strong><br />
</strong><strong>DOMENIUL FORMARE PROFESIONALĂ VET</strong></h3>
<h3><strong>PERIOADA DE DERULARE</strong><strong>: 12 luni (01.10.2024-30.09.2025)</strong></h3>
<h3><strong>NUMĂR TOTAL DE ELEVI IMPLICAȚI ÎN MOBILITĂȚI</strong><strong>: 28</strong></h3>
<ul>
<li>
<h3><strong>NUMĂR ELEVI PARTICIPANȚI LA STAGIUL PRACTIC DE APP PROGRAMMING, 05</strong><strong>-16 mai 2025</strong><strong>, Paphos, Cipru, furnizor L. Lazarou CTC</strong><strong>: 14</strong></h3>
</li>
<li>
<h3><strong>NUMĂR ELEVI PARTICIPANȚI LA STAGIUL PRACTIC DE WEB DESIGN, 07</strong><strong>-19 iunie 2025</strong><strong>, Lisabona, Portugalia, furnizor Jelly Code</strong><strong>: 14 </strong></h3>
</li>
</ul>
<h3><strong>NUMĂR TOTAL PROFESORI ÎNSOȚITORI: 4</strong></h3>
<h3><strong>ORGANIZAŢII DE PRIMIRE:</strong></h3>
<ul>
<li>
<h3><strong> LAZAROU CTC</strong><strong>, CIPRU</strong></h3>
</li>
<li>
<h3><strong>JELLY CODE, PORTUGALIA</strong></h3>
</li>
</ul>
<h3><strong>ORGANIZAŢII INTERMEDIARE:</strong></h3>
<ul>
<li>
<h3><strong>ORGANIZATION FOR PROMOTION OF EUROPEAN ISSUES</strong><strong>, CIPRU</strong></h3>
</li>
<li>
<h3><strong>SAPERE AUDE &#8211; EDUCAÇÃO E FORMĂÇÃO LDA</strong><strong>, PORTUGALIA</strong></h3>
</li>
</ul>
<h3><strong>OBIECTIVE:</strong></h3>
<h3><strong>O1-Dezvoltarea cu 80% a competenţelor de programare a 28 elevi (cls. X-XI) de la profilul real, specializarea matematică-informatică, din Colegiul Naţional «Elena Cuza», prin crearea de proiecte/programe/aplicaţii ce corespund standardelor domeniului IT</strong></h3>
<h3><strong>O2-Dezvoltarea cu 80% a competenţelor soft şi antreprenoriale a 28 de elevi (cls. X-XI) de la profilul real, specializarea matematică-informatică, din Colegiul Naţional «Elena Cuza»</strong></h3>
<h3><strong>O3-Creşterea cu 50% a gradului de participare a fetelor de la profilul real, specializarea matematică-informatică, din Colegiul Naţional «Elena Cuza», la piața forţei de muncă în domenii IT</strong></h3>
<h3><strong>O4-Dezvoltarea cu 80% a competenţelor de protecție a mediului a 28 de elevi (cls. X-XI) de la profilul real, specializarea matematică-informatică din Colegiul Naţional «Elena Cuza»</strong></h3>
<h3><strong>O5-Creşterea cu 80% a comunicării la nivel local, naţional, european cu şcoli din reţeaua Erasmus în vederea transferului de inovaţie în sectorul IT &amp; cunoaşterii cerinţelor pieţei muncii europene</strong></h3>
<h3><strong>PAGINA DE FACEBOOK A PROIECTELOR DIN DOMENIUL FORMĂRII PROFESIONALE VET: </strong><strong><a href="https://www.facebook.com/profile.php?id=61553180841432">https://www.facebook.com/profile.php?id=61553180841432</a></strong></h3>
<h3><strong> </strong></h3>

<p>Proiect Erasmus+ «WEB DESIGN AND APP PROGRAMMING FOR ALL» (nr. de referinţă 2024-1-RO01-KA122-VET000202370) DOMENIUL FORMARE PROFESIONALĂ VET PERIOADA DE DERULARE: 12 luni (01.10.2024-30.09.2025) NUMĂR TOTAL DE ELEVI IMPLICAȚI ÎN MOBILITĂȚI: 28 NUMĂR ELEVI PARTICIPANȚI LA STAGIUL PRACTIC DE APP PROGRAMMING, 05-16 mai 2025, Paphos, Cipru, furnizor L. Lazarou CTC: 14 NUMĂR [&hellip;]</p>
