{"id":6855,"date":"2025-05-26T09:19:52","date_gmt":"2025-05-26T09:19:52","guid":{"rendered":"http:\/\/elenacuza.ro\/?page_id=6855"},"modified":"2025-05-26T13:03:46","modified_gmt":"2025-05-26T13:03:46","slug":"proiect-erasmus-better-parents-better-children-nr-2019-1-ro01-ka104-061418","status":"publish","type":"page","link":"http:\/\/elenacuza.ro\/?page_id=6855","title":{"rendered":"Proiect Erasmus+ \u00abBetter parents, better children\u00bb (nr. 2019-1-RO01-KA104-061418)"},"content":{"rendered":"<p style=\"text-align: center;\"><strong>PROIECT ERASMUS+ <\/strong><strong>\u00abBETTER PARENTS, BETTER CHILDREN\u00bb<\/strong><\/p>\n<p style=\"text-align: center;\"><strong>(NR. DE REFERIN\u0162\u0102 2019-1-RO01-KA104-061418)<\/strong><strong><br \/>\n<\/strong><strong>DOMENIUL EDUCA\u0162IA ADUL\u0162ILOR<\/strong><\/p>\n<p><strong>\u00a0<\/strong><\/p>\n<p><strong>BENEFICIAR: <\/strong>ASOCIA\u0162IA P\u0102RIN\u0162ILOR ELENA DOAMNA<\/p>\n<p><strong>PERIOADA DE DERULARE<\/strong><strong>: <\/strong>24 luni (01.06.2019-31.05.2022)<\/p>\n<p><strong>NUM\u0102R FORMATORI PARTICIPAN\u021aI LA MOBILIT\u0102\u0162I\u00a0: <\/strong>12<\/p>\n<p><strong>FURNIZORI DE FORMARE:<\/strong><\/p>\n<ul>\n<li>EUROPASS TEACHER ACADEMY, Italia<\/li>\n<li>PRICALICA, Croa\u0163ia<\/li>\n<li>EPROJECTCONSULT, Italia<\/li>\n<li>LABORATORIO DEL CITTADINO, Italia<\/li>\n<\/ul>\n<p><strong>CURSURI DE FORMARE:<\/strong><\/p>\n<p>1.\u00abConflict Management, Emotional Intelligence and Bullying Prevention\u00bb (furnizor Europass Teacher Academy), 9-14 decembrie 2019, Floren\u0163a, Italia<\/p>\n<p>2.\u00abProfessional Orientation in Education\u00bb (furnizor Pricalica), 23 -29 iulie 2021, Split, Croa\u0163ia<\/p>\n<p>3.\u00abInternet Safety\u00bb(furnizor EProjectconsult), 1-5 august 2021, Barcellona Pozzo di Gotto, Italia<\/p>\n<p>4.\u00abStart your business\u00bb(furnizor EProjectconsult), 1 -5 august 2021, Barcellona Pozzo di Gotto, Italia<\/p>\n<p>5.\u00abTeenagers behaviour disorders\u00bb (furnizor EProjectconsult), 1 -5 august 2021, Barcellona Pozzo di Gotto, Italia<\/p>\n<p>6.\u00abGrand Tour en Europe: cr\u00e9ativit\u00e9, innovation, citoyennet\u00e9 et dialogue interculturel\u00bb(furnizor Laboratorio del cittadino), 6 \u2013 11 septembrie 2021, Floren\u0163a, Italia<\/p>\n<p><strong>SCOPUL PROIECTULUI: <\/strong>reformarea sistemului de educa\u021bie a adul\u021bilor din\u00a0Asocia\u0163ia P\u0103rin\u0163ilor Elena Doamna\u00a0\u00een vederea sprijinirii p\u0103rin\u021bilor \u00een educa\u021bia copiilor, pentru ca fiecare copil s\u0103\u00a0beneficieze de un start bun\u00a0\u00een via\u021b\u0103, cu\u00a0\u0219anse\u00a0\u0219i drepturi egale<\/p>\n<p><strong>OBIECTIVELE PROIECTULUI:<\/strong><\/p>\n<p><strong>OBIECTIV PRINCIPAL<\/strong>: \u00eembun\u0103t\u0103\u021birea calit\u0103\u021bii sistemului de educa\u021bie a adul\u021bilor din Asocia\u0163ia P\u0103rin\u0163ilor Elena Doamna, prin perfec\u021bionarea la nivel european a 12 formatori, \u00een vederea cre\u0103rii unui program de formare pentru p\u0103rin\u021bi<\/p>\n<p><strong>OBIECTIVE SPECIFICE\u00a0:<\/strong><\/p>\n<p>O1-dezvoltarea managementului Asocia\u0163iei P\u0103rin\u0163ilor Elena Doamna, orientat spre sprijinirea p\u0103rin\u021bilor \u00een vederea educ\u0103rii propriilor copii<\/p>\n<p>O2-dezvoltarea competen\u021belor formatorilor Asocia\u0163iei P\u0103rin\u0163ilor Elena Doamna:<\/p>\n<p>-interculturale<\/p>\n<p>-de orientare \u00een carier\u0103<\/p>\n<p>-de utilizare \u00een siguran\u021b\u0103 a Internetului<\/p>\n<p>-antreprenoriale<\/p>\n<p>-de gestionare a conflictelor<\/p>\n<p>-de dezvoltare a inteligen\u021bei emo\u021bionale<\/p>\n<p>-de prevenire a agresiunilor, a tulbur\u0103rilor comportamentale ale adolescen\u021bilor<\/p>\n<p>-metodice<\/p>\n<p>-lingvistice<\/p>\n<p>-digitale<\/p>\n<p>-personale<\/p>\n<p>O3-cre\u0219terea calit\u0103\u021bii ofertei de formare a Asocia\u0163iei P\u0103rin\u0163ilor Elena Doamna, prin integrarea inova\u021biilor europene<\/p>\n<p>O4-\u00eembog\u0103\u021birea ofertei de formare a Asocia\u0163iei P\u0103rin\u0163ilor Elena Doamna cu 1 program de formare pentru p\u0103rin\u021bi<\/p>\n<p>O5-dezvoltarea competen\u021belor formabililor<\/p>\n<p>O6-cre\u0219terea dimensiunii europene a Asocia\u0163iei P\u0103rin\u0163ilor Elena Doamna prin adoptarea inova\u021biilor europene \u0219i prin colabor\u0103ri \u00een Erasmus +<\/p>\n<p><strong>PAGINA DE FACEBOOK A PROIECTELOR DIN DOMENIUL EDUCA\u0162IEI ADUL\u0162ILOR:<\/strong><\/p>\n<p><strong><a href=\"https:\/\/www.facebook.com\/profile.php?id=100091914925959\">https:\/\/www.facebook.com\/profile.php?id=100091914925959<\/a><\/strong><\/p>\n<p><strong>\u00a0<\/strong><\/p>\n<p><strong>\u00a0<\/strong><\/p>\n","protected":false},"excerpt":{"rendered":"<p>PROIECT ERASMUS+ \u00abBETTER PARENTS, BETTER CHILDREN\u00bb (NR. DE REFERIN\u0162\u0102 2019-1-RO01-KA104-061418) DOMENIUL EDUCA\u0162IA ADUL\u0162ILOR \u00a0 BENEFICIAR: ASOCIA\u0162IA P\u0102RIN\u0162ILOR ELENA DOAMNA PERIOADA DE DERULARE: 24 luni (01.06.2019-31.05.2022) NUM\u0102R FORMATORI PARTICIPAN\u021aI LA MOBILIT\u0102\u0162I\u00a0: 12 FURNIZORI DE FORMARE: EUROPASS TEACHER ACADEMY, Italia PRICALICA, Croa\u0163ia EPROJECTCONSULT, Italia LABORATORIO DEL CITTADINO, Italia CURSURI DE FORMARE: 1.\u00abConflict [&hellip;]<\/p>\n","protected":false},"author":1,"featured_media":0,"parent":0,"menu_order":0,"comment_status":"closed","ping_status":"closed","template":"template-full-width.php","meta":[],"_links":{"self":[{"href":"http:\/\/elenacuza.ro\/index.php?rest_route=\/wp\/v2\/pages\/6855"}],"collection":[{"href":"http:\/\/elenacuza.ro\/index.php?rest_route=\/wp\/v2\/pages"}],"about":[{"href":"http:\/\/elenacuza.ro\/index.php?rest_route=\/wp\/v2\/types\/page"}],"author":[{"embeddable":true,"href":"http:\/\/elenacuza.ro\/index.php?rest_route=\/wp\/v2\/users\/1"}],"replies":[{"embeddable":true,"href":"http:\/\/elenacuza.ro\/index.php?rest_route=%2Fwp%2Fv2%2Fcomments&post=6855"}],"version-history":[{"count":2,"href":"http:\/\/elenacuza.ro\/index.php?rest_route=\/wp\/v2\/pages\/6855\/revisions"}],"predecessor-version":[{"id":6863,"href":"http:\/\/elenacuza.ro\/index.php?rest_route=\/wp\/v2\/pages\/6855\/revisions\/6863"}],"wp:attachment":[{"href":"http:\/\/elenacuza.ro\/index.php?rest_route=%2Fwp%2Fv2%2Fmedia&parent=6855"}],"curies":[{"name":"wp","href":"https:\/\/api.w.org\/{rel}","templated":true}]}}

<p style="text-align: center;"><strong>PROIECT ERASMUS+ </strong><strong>«BETTER PARENTS, BETTER CHILDREN»</strong></p>
<p style="text-align: center;"><strong>(NR. DE REFERINŢĂ 2019-1-RO01-KA104-061418)</strong><strong><br />
</strong><strong>DOMENIUL EDUCAŢIA ADULŢILOR</strong></p>
<p><strong> </strong></p>
<p><strong>BENEFICIAR: </strong>ASOCIAŢIA PĂRINŢILOR ELENA DOAMNA</p>
<p><strong>PERIOADA DE DERULARE</strong><strong>: </strong>24 luni (01.06.2019-31.05.2022)</p>
<p><strong>NUMĂR FORMATORI PARTICIPANȚI LA MOBILITĂŢI : </strong>12</p>
<p><strong>FURNIZORI DE FORMARE:</strong></p>
<ul>
<li>EUROPASS TEACHER ACADEMY, Italia</li>
<li>PRICALICA, Croaţia</li>
<li>EPROJECTCONSULT, Italia</li>
<li>LABORATORIO DEL CITTADINO, Italia</li>
</ul>
<p><strong>CURSURI DE FORMARE:</strong></p>
<p>1.«Conflict Management, Emotional Intelligence and Bullying Prevention» (furnizor Europass Teacher Academy), 9-14 decembrie 2019, Florenţa, Italia</p>
<p>2.«Professional Orientation in Education» (furnizor Pricalica), 23 -29 iulie 2021, Split, Croaţia</p>
<p>3.«Internet Safety»(furnizor EProjectconsult), 1-5 august 2021, Barcellona Pozzo di Gotto, Italia</p>
<p>4.«Start your business»(furnizor EProjectconsult), 1 -5 august 2021, Barcellona Pozzo di Gotto, Italia</p>
<p>5.«Teenagers behaviour disorders» (furnizor EProjectconsult), 1 -5 august 2021, Barcellona Pozzo di Gotto, Italia</p>
<p>6.«Grand Tour en Europe: créativité, innovation, citoyenneté et dialogue interculturel»(furnizor Laboratorio del cittadino), 6 – 11 septembrie 2021, Florenţa, Italia</p>
<p><strong>SCOPUL PROIECTULUI: </strong>reformarea sistemului de educație a adulților din Asociaţia Părinţilor Elena Doamna în vederea sprijinirii părinților în educația copiilor, pentru ca fiecare copil să beneficieze de un start bun în viață, cu șanse și drepturi egale</p>
<p><strong>OBIECTIVELE PROIECTULUI:</strong></p>
<p><strong>OBIECTIV PRINCIPAL</strong>: îmbunătățirea calității sistemului de educație a adulților din Asociaţia Părinţilor Elena Doamna, prin perfecționarea la nivel european a 12 formatori, în vederea creării unui program de formare pentru părinți</p>
<p><strong>OBIECTIVE SPECIFICE :</strong></p>
<p>O1-dezvoltarea managementului Asociaţiei Părinţilor Elena Doamna, orientat spre sprijinirea părinților în vederea educării propriilor copii</p>
<p>O2-dezvoltarea competențelor formatorilor Asociaţiei Părinţilor Elena Doamna:</p>
<p>-interculturale</p>
<p>-de orientare în carieră</p>
<p>-de utilizare în siguranță a Internetului</p>
<p>-antreprenoriale</p>
<p>-de gestionare a conflictelor</p>
<p>-de dezvoltare a inteligenței emoționale</p>
<p>-de prevenire a agresiunilor, a tulburărilor comportamentale ale adolescenților</p>
<p>-metodice</p>
<p>-lingvistice</p>
<p>-digitale</p>
<p>-personale</p>
<p>O3-creșterea calității ofertei de formare a Asociaţiei Părinţilor Elena Doamna, prin integrarea inovațiilor europene</p>
<p>O4-îmbogățirea ofertei de formare a Asociaţiei Părinţilor Elena Doamna cu 1 program de formare pentru părinți</p>
<p>O5-dezvoltarea competențelor formabililor</p>
<p>O6-creșterea dimensiunii europene a Asociaţiei Părinţilor Elena Doamna prin adoptarea inovațiilor europene și prin colaborări în Erasmus +</p>
<p><strong>PAGINA DE FACEBOOK A PROIECTELOR DIN DOMENIUL EDUCAŢIEI ADULŢILOR:</strong></p>
<p><strong><a href="https://www.facebook.com/profile.php?id=100091914925959">https://www.facebook.com/profile.php?id=100091914925959</a></strong></p>
<p><strong> </strong></p>
<p><strong> </strong></p>

<p>PROIECT ERASMUS+ «BETTER PARENTS, BETTER CHILDREN» (NR. DE REFERINŢĂ 2019-1-RO01-KA104-061418) DOMENIUL EDUCAŢIA ADULŢILOR   BENEFICIAR: ASOCIAŢIA PĂRINŢILOR ELENA DOAMNA PERIOADA DE DERULARE: 24 luni (01.06.2019-31.05.2022) NUMĂR FORMATORI PARTICIPANȚI LA MOBILITĂŢI : 12 FURNIZORI DE FORMARE: EUROPASS TEACHER ACADEMY, Italia PRICALICA, Croaţia EPROJECTCONSULT, Italia LABORATORIO DEL CITTADINO, Italia CURSURI DE FORMARE: 1.«Conflict [&hellip;]</p>
