{"id":6852,"date":"2025-05-26T09:17:48","date_gmt":"2025-05-26T09:17:48","guid":{"rendered":"http:\/\/elenacuza.ro\/?page_id=6852"},"modified":"2025-05-26T09:17:48","modified_gmt":"2025-05-26T09:17:48","slug":"proiect-erasmus-mame-in-pandemie-intre-presiune-si-burnout-nr-de-referinta-2022-1-ro01-ka122-adu-000072058","status":"publish","type":"page","link":"http:\/\/elenacuza.ro\/?page_id=6852","title":{"rendered":"Proiect Erasmus+ \u00abMame \u00een pandemie: \u00eentre presiune \u015fi burnout\u00bb (nr. de referin\u0163\u0103 2022-1-RO01-KA122-ADU-000072058)"},"content":{"rendered":"<p><strong>Proiect Erasmus+\u00a0<\/strong><strong>\u00abMame \u00een pandemie: \u00eentre presiune \u015fi burnout\u00bb (nr. de referin\u0163\u0103<\/strong> <strong>2022-1-ro01-ka122-adu-000072058)<\/strong><strong><br \/>\n<\/strong><strong>DOMENIUL EDUCA\u0162IA ADUL\u0162ILOR<\/strong><\/p>\n<p><strong>BENEFICIAR: <\/strong>ASOCIA\u0162IA P\u0102RIN\u0162ILOR ELENA DOAMNA<\/p>\n<p><strong>PERIOADA DE DERULARE<\/strong><strong>: <\/strong>18 luni<strong> (<\/strong>30.12.2022<strong> \u2013<\/strong> 29.06.2024<strong>)<\/strong><\/p>\n<p><strong>NUM\u0102R FORMATORI PARTICIPAN\u021aI LA MOBILIT\u0102\u021aI<\/strong><strong>: <\/strong>13<\/p>\n<p><strong>FURNIZORI DE FORMARE:<\/strong><\/p>\n<ul>\n<li>EUROPASS TEACHER ACADEMY, Italia<\/li>\n<li>PRICALICA, Croa\u0163ia<\/li>\n<\/ul>\n<p><strong>CURSURI DE FORMARE:<\/strong><\/p>\n<p>1.\u00abDrama in Education: A Holistic Approach to Teaching with Drama Techniques\u00bb(furnizor Pricalica), Pula, Croa\u0163ia, 02.07.2023 &#8211; 08.07.2023<\/p>\n<p>2.\u00abNeuroeducation and Coaching\u00bb(furnizor Pricalica), Split, Croa\u0163ia, 16.07.2023 &#8211; 22.07.2023<\/p>\n<p>3.\u00abThe Fundamental ICT Tools for Education\u00bb(furnizor Europass Teacher Academy), Atena, Grecia, 17.07.2023 \u2013 22.07.2023<\/p>\n<p>4.\u00abDiscovering Renaissance Art \u00een Florence\u00bb (furnizor Europass Teacher Academy), Floren\u0163a, Italia, 23.10.2023 \u2013 28.10.2023<\/p>\n<p><strong>OBIECTIVE:<\/strong><\/p>\n<p>O1.Cre\u0219terea rezilien\u021bei, g\u00e2ndirii pozitive, st\u0103rii de bine, competen\u021belor formatorilor Asocia\u0163iei P\u0103rin\u0163ilor Elena Doamna \u00een domeniul:<\/p>\n<p>-artei \u0219i culturii<\/p>\n<p>-neuro\u015ftiin\u0163ei<\/p>\n<p>-teatral<\/p>\n<p>-digital<\/p>\n<p>-metodic<\/p>\n<p>O2.Cre\u0219terea calit\u0103\u021bii ofertei de formare a Asocia\u0163iei P\u0103rin\u0163ilor Elena Doamna prin asimilarea bunelor practici europene<\/p>\n<p>O3.M\u0103rirea ofertei de formare a Asocia\u0163iei P\u0103rin\u0163ilor Elena Doamna cu 1 program de formare pentru mamele din asocia\u021bie<\/p>\n<p>O4.Cre\u0219terea rezilien\u021bei, inteligen\u021bei emo\u021bionale, creativit\u0103\u021bii, ini\u021biativei, stimei de sine, bun\u0103st\u0103rii psiho-emo\u021bionale, competen\u021bei digitale a formabililor mame din Asocia\u0163ia P\u0103rin\u0163ilor Elena Doamna<\/p>\n<p>O5.Cre\u0219terea comunic\u0103rii la nivel local\/na\u021bional\/interna\u021bional cu organiza\u021bii din re\u021beaua<\/p>\n<p>Erasmus+ \u00een scopul reducerii inechit\u0103\u021bilor de gen cauzate de pandemia Covid 19<\/p>\n<p><strong>PAGINA DE FACEBOOK A PROIECTELOR DIN DOMENIUL EDUCA\u0162IEI ADUL\u0162ILOR:<\/strong><\/p>\n<p><a href=\"https:\/\/www.facebook.com\/profile.php?id=100091914925959\">https:\/\/www.facebook.com\/profile.php?id=100091914925959<\/a><\/p>\n<p><strong>\u00a0<\/strong><\/p>\n<p><strong>\u00a0<\/strong><\/p>\n","protected":false},"excerpt":{"rendered":"<p>Proiect Erasmus+\u00a0\u00abMame \u00een pandemie: \u00eentre presiune \u015fi burnout\u00bb (nr. de referin\u0163\u0103 2022-1-ro01-ka122-adu-000072058) DOMENIUL EDUCA\u0162IA ADUL\u0162ILOR BENEFICIAR: ASOCIA\u0162IA P\u0102RIN\u0162ILOR ELENA DOAMNA PERIOADA DE DERULARE: 18 luni (30.12.2022 \u2013 29.06.2024) NUM\u0102R FORMATORI PARTICIPAN\u021aI LA MOBILIT\u0102\u021aI: 13 FURNIZORI DE FORMARE: EUROPASS TEACHER ACADEMY, Italia PRICALICA, Croa\u0163ia CURSURI DE FORMARE: 1.\u00abDrama in Education: A [&hellip;]<\/p>\n","protected":false},"author":1,"featured_media":0,"parent":0,"menu_order":0,"comment_status":"closed","ping_status":"closed","template":"template-full-width.php","meta":[],"_links":{"self":[{"href":"http:\/\/elenacuza.ro\/index.php?rest_route=\/wp\/v2\/pages\/6852"}],"collection":[{"href":"http:\/\/elenacuza.ro\/index.php?rest_route=\/wp\/v2\/pages"}],"about":[{"href":"http:\/\/elenacuza.ro\/index.php?rest_route=\/wp\/v2\/types\/page"}],"author":[{"embeddable":true,"href":"http:\/\/elenacuza.ro\/index.php?rest_route=\/wp\/v2\/users\/1"}],"replies":[{"embeddable":true,"href":"http:\/\/elenacuza.ro\/index.php?rest_route=%2Fwp%2Fv2%2Fcomments&post=6852"}],"version-history":[{"count":1,"href":"http:\/\/elenacuza.ro\/index.php?rest_route=\/wp\/v2\/pages\/6852\/revisions"}],"predecessor-version":[{"id":6853,"href":"http:\/\/elenacuza.ro\/index.php?rest_route=\/wp\/v2\/pages\/6852\/revisions\/6853"}],"wp:attachment":[{"href":"http:\/\/elenacuza.ro\/index.php?rest_route=%2Fwp%2Fv2%2Fmedia&parent=6852"}],"curies":[{"name":"wp","href":"https:\/\/api.w.org\/{rel}","templated":true}]}}

Proiect Erasmus+ «Mame în pandemie: între presiune şi burnout» (nr. de referinţă 2022-1-RO01-KA122-ADU-000072058)

<p><strong>Proiect Erasmus+ </strong><strong>«Mame în pandemie: între presiune şi burnout» (nr. de referinţă</strong> <strong>2022-1-ro01-ka122-adu-000072058)</strong><strong><br />
</strong><strong>DOMENIUL EDUCAŢIA ADULŢILOR</strong></p>
<p><strong>BENEFICIAR: </strong>ASOCIAŢIA PĂRINŢILOR ELENA DOAMNA</p>
<p><strong>PERIOADA DE DERULARE</strong><strong>: </strong>18 luni<strong> (</strong>30.12.2022<strong> –</strong> 29.06.2024<strong>)</strong></p>
<p><strong>NUMĂR FORMATORI PARTICIPANȚI LA MOBILITĂȚI</strong><strong>: </strong>13</p>
<p><strong>FURNIZORI DE FORMARE:</strong></p>
<ul>
<li>EUROPASS TEACHER ACADEMY, Italia</li>
<li>PRICALICA, Croaţia</li>
</ul>
<p><strong>CURSURI DE FORMARE:</strong></p>
<p>1.«Drama in Education: A Holistic Approach to Teaching with Drama Techniques»(furnizor Pricalica), Pula, Croaţia, 02.07.2023 &#8211; 08.07.2023</p>
<p>2.«Neuroeducation and Coaching»(furnizor Pricalica), Split, Croaţia, 16.07.2023 &#8211; 22.07.2023</p>
<p>3.«The Fundamental ICT Tools for Education»(furnizor Europass Teacher Academy), Atena, Grecia, 17.07.2023 – 22.07.2023</p>
<p>4.«Discovering Renaissance Art în Florence» (furnizor Europass Teacher Academy), Florenţa, Italia, 23.10.2023 – 28.10.2023</p>
<p><strong>OBIECTIVE:</strong></p>
<p>O1.Creșterea rezilienței, gândirii pozitive, stării de bine, competențelor formatorilor Asociaţiei Părinţilor Elena Doamna în domeniul:</p>
<p>-artei și culturii</p>
<p>-neuroştiinţei</p>
<p>-teatral</p>
<p>-digital</p>
<p>-metodic</p>
<p>O2.Creșterea calității ofertei de formare a Asociaţiei Părinţilor Elena Doamna prin asimilarea bunelor practici europene</p>
<p>O3.Mărirea ofertei de formare a Asociaţiei Părinţilor Elena Doamna cu 1 program de formare pentru mamele din asociație</p>
<p>O4.Creșterea rezilienței, inteligenței emoționale, creativității, inițiativei, stimei de sine, bunăstării psiho-emoționale, competenței digitale a formabililor mame din Asociaţia Părinţilor Elena Doamna</p>
<p>O5.Creșterea comunicării la nivel local/național/internațional cu organizații din rețeaua</p>
<p>Erasmus+ în scopul reducerii inechităților de gen cauzate de pandemia Covid 19</p>
<p><strong>PAGINA DE FACEBOOK A PROIECTELOR DIN DOMENIUL EDUCAŢIEI ADULŢILOR:</strong></p>
<p><a href="https://www.facebook.com/profile.php?id=100091914925959">https://www.facebook.com/profile.php?id=100091914925959</a></p>
<p><strong> </strong></p>
<p><strong> </strong></p>

<p>Proiect Erasmus+ «Mame în pandemie: între presiune şi burnout» (nr. de referinţă 2022-1-ro01-ka122-adu-000072058) DOMENIUL EDUCAŢIA ADULŢILOR BENEFICIAR: ASOCIAŢIA PĂRINŢILOR ELENA DOAMNA PERIOADA DE DERULARE: 18 luni (30.12.2022 – 29.06.2024) NUMĂR FORMATORI PARTICIPANȚI LA MOBILITĂȚI: 13 FURNIZORI DE FORMARE: EUROPASS TEACHER ACADEMY, Italia PRICALICA, Croaţia CURSURI DE FORMARE: 1.«Drama in Education: A [&hellip;]</p>
