{"id":6844,"date":"2025-05-26T09:10:26","date_gmt":"2025-05-26T09:10:26","guid":{"rendered":"http:\/\/elenacuza.ro\/?page_id=6844"},"modified":"2025-05-26T13:00:17","modified_gmt":"2025-05-26T13:00:17","slug":"acreditare-anul-1","status":"publish","type":"page","link":"http:\/\/elenacuza.ro\/?page_id=6844","title":{"rendered":"Acreditare anul 1"},"content":{"rendered":"<p style=\"text-align: center;\"><strong>Proiect Erasmus+ <\/strong><strong>nr.<\/strong> <strong>2023-1-RO01-KA121-ADU-000119512<\/strong><\/p>\n<p style=\"text-align: center;\"><strong>DOMENIUL EDUCA\u0162IA ADUL\u0162ILOR<\/strong><\/p>\n<p style=\"text-align: center;\"><strong>(nr. acreditare 2022-1-RO01-KA120-ADU-000104262)<\/strong><\/p>\n<p><strong>\u00a0<\/strong><\/p>\n<p><strong>BENEFICIAR: <\/strong>ASOCIA\u0162IA P\u0102RIN\u0162ILOR ELENA DOAMNA<\/p>\n<p><strong>PERIOADA DE DERULARE<\/strong><strong>: <\/strong>15 luni (01.06.2023-31.08.2024)<\/p>\n<p><strong>NUM\u0102R FORMATORI PARTICIPAN\u021aI LA MOBILIT\u0102\u0162I\u00a0: <\/strong>5<\/p>\n<p><strong>FURNIZORI DE FORMARE:<\/strong><\/p>\n<ul>\n<li>EUROPASS TEACHER ACADEMY<\/li>\n<\/ul>\n<p><strong>CURSURI DE FORMARE:<\/strong><\/p>\n<p>1.\u00abThe 4Cs: Creativity, Critical Thinking, Communication and Collaboration \u00een Schools\u00bb, furnizor Europass Teacher Academy, Nisa, Fran\u021ba, 12.02.2024 \u2013 17.02.2024<\/p>\n<p>2.\u00abManaging a Diverse Classroom: Facing Upcoming Challenges&#8221;, furnizor Europass Teacher Academy, Floren\u021ba, Italia, 15.04.2024 \u2013 20.04.2024<\/p>\n<p>3.\u00abEnvironmental Education in Finland: the Eco-Social Approach\u00bb, Helsinki, Finlanda, 27.05.2024 &#8211; 01.06.2024, furnizor Europass Teacher Academy<\/p>\n<p><strong>OBIECTIVELE PROIECTULUI:<\/strong><\/p>\n<p>O1-Cre\u0219terea num\u0103rului de formatori cu competen\u021be \u00eembun\u0103t\u0103\u021bite din cadrul Asocia\u0163iei P\u0103rin\u0163ilor Elena Doamna:<\/p>\n<p>-de incluziune social\u0103 \u0219i acceptare a diversit\u0103\u021bii<\/p>\n<p>-soft<\/p>\n<p>-de cet\u0103\u021benie ecologic\u0103<\/p>\n<p>O2-Cre\u0219terea num\u0103rului de metode \u0219i tehnici inovative, activ-participative, centrate pe formabil, folosite \u00een cadrul Asocia\u0163iei P\u0103rin\u0163ilor Elena Doamna<\/p>\n<p>O3-\u00cembun\u0103t\u0103\u021birea calit\u0103\u021bii ofertei de formare a Asocia\u0163iei P\u0103rin\u0163ilor Elena Doamna \u0219i crearea a 1 program de formare pentru formabilii Asocia\u0163iei P\u0103rin\u0163ilor Elena Doamna<\/p>\n<p>O4-Cre\u0219terea comunic\u0103rii cu alte organisme locale\/na\u021bionale\/interna\u021bionale \u00een vederea dezvolt\u0103rii de re\u021bele profesionale, spa\u021bii de schimb de bune practici, de transfer de inova\u021bie<\/p>\n<p><strong>PAGINA DE FACEBOOK A ACREDIT\u0102RII ERASMUS+ DIN DOMENIUL EDUCA\u0162IEI ADUL\u0162ILOR:<\/strong><\/p>\n<p><strong><a href=\"https:\/\/www.facebook.com\/profile.php?id=100091914925959\">https:\/\/www.facebook.com\/profile.php?id=100091914925959<\/a><\/strong><\/p>\n<p>&nbsp;<\/p>\n","protected":false},"excerpt":{"rendered":"<p>Proiect Erasmus+ nr. 2023-1-RO01-KA121-ADU-000119512 DOMENIUL EDUCA\u0162IA ADUL\u0162ILOR (nr. acreditare 2022-1-RO01-KA120-ADU-000104262) \u00a0 BENEFICIAR: ASOCIA\u0162IA P\u0102RIN\u0162ILOR ELENA DOAMNA PERIOADA DE DERULARE: 15 luni (01.06.2023-31.08.2024) NUM\u0102R FORMATORI PARTICIPAN\u021aI LA MOBILIT\u0102\u0162I\u00a0: 5 FURNIZORI DE FORMARE: EUROPASS TEACHER ACADEMY CURSURI DE FORMARE: 1.\u00abThe 4Cs: Creativity, Critical Thinking, Communication and Collaboration \u00een Schools\u00bb, furnizor Europass Teacher [&hellip;]<\/p>\n","protected":false},"author":1,"featured_media":0,"parent":0,"menu_order":0,"comment_status":"closed","ping_status":"closed","template":"template-full-width.php","meta":[],"_links":{"self":[{"href":"http:\/\/elenacuza.ro\/index.php?rest_route=\/wp\/v2\/pages\/6844"}],"collection":[{"href":"http:\/\/elenacuza.ro\/index.php?rest_route=\/wp\/v2\/pages"}],"about":[{"href":"http:\/\/elenacuza.ro\/index.php?rest_route=\/wp\/v2\/types\/page"}],"author":[{"embeddable":true,"href":"http:\/\/elenacuza.ro\/index.php?rest_route=\/wp\/v2\/users\/1"}],"replies":[{"embeddable":true,"href":"http:\/\/elenacuza.ro\/index.php?rest_route=%2Fwp%2Fv2%2Fcomments&post=6844"}],"version-history":[{"count":2,"href":"http:\/\/elenacuza.ro\/index.php?rest_route=\/wp\/v2\/pages\/6844\/revisions"}],"predecessor-version":[{"id":6859,"href":"http:\/\/elenacuza.ro\/index.php?rest_route=\/wp\/v2\/pages\/6844\/revisions\/6859"}],"wp:attachment":[{"href":"http:\/\/elenacuza.ro\/index.php?rest_route=%2Fwp%2Fv2%2Fmedia&parent=6844"}],"curies":[{"name":"wp","href":"https:\/\/api.w.org\/{rel}","templated":true}]}}