{"id":6692,"date":"2025-03-11T08:32:16","date_gmt":"2025-03-11T08:32:16","guid":{"rendered":"http:\/\/elenacuza.ro\/?page_id=6692"},"modified":"2025-12-11T12:47:11","modified_gmt":"2025-12-11T12:47:11","slug":"f-pnrr-smartlabs-2023-1095","status":"publish","type":"page","link":"http:\/\/elenacuza.ro\/?page_id=6692","title":{"rendered":"F-PNRR-SmartLabs-2023-1095"},"content":{"rendered":"<p>PNRR. Finan\u021bat de Uniunea European\u0103 \u2013 Urm\u0103toareaGenera\u021bieUE<\/p>\n<p>Denumire institu\u021bie: COLEGIUL NA\u0162IONAL &#8220;ELENA CUZA&#8221; CRAIOVA<\/p>\n<p>Adres\u0103: MUN. CRAIOVA, STR. MIHAI VITEAZUL, NR. 12, JUD. DOLJ<\/p>\n<p>Cod proiect: F-PNRR-SmartLabs-2023-1095<\/p>\n<p><strong>Contextul proiectului<\/strong><\/p>\n<p style=\"text-align: justify;\">Tehnologia este un instrument puternic care sprijin\u0103 \u0219i transform\u0103 educa\u021bia la nivel mondial. Prin intermediul tehnologiei educa\u021bionale, designerii educa\u021bionali pot profita la maximum de oportunit\u0103\u021bile oferite de aceasta pentru a schimba modalitatea de \u00eenv\u0103\u021bare, astfel \u00eenc\u00e2t educa\u021bia eficient\u0103 s\u0103 fie disponibil\u0103 tuturor beneficiarilor de pretutindeni. Achizi\u021bionarea de tehnologii digitale \u0219i de aplica\u021bii \u0219i platforme de \u00eenv\u0103\u021bare online reprezint\u0103 una dintre preocup\u0103rile principale ale statelor membre ale Uniunii Europene, iar utilizarea sistemelor de inteligen\u021b\u0103 artificial\u0103 pot s\u0103 transforme metodele de \u00eenv\u0103\u021bare, oferind posibilitatea cadrelor didactice s\u0103 ofere elevilor posibilitatea de \u00eenv\u0103\u021bare diferen\u021biat\u0103 sau individualizat\u0103.<\/p>\n<p style=\"text-align: justify;\">Realitatea virtual\u0103 (VR) \u0219i realitatea augmentat\u0103 (AR) sunt instrumente excelente \u00een procesul de \u00eenv\u0103\u021bare, pentru c\u0103 pot reprezenta experien\u021be care nu sunt neap\u0103rat fezabile \u00een realitate (urcarea unui munte, mersul \u00een spa\u021biu etc.). Pe l\u00e2ng\u0103 facilitarea procesului de \u00eenv\u0103\u021bare, noua tehnologie \u00eei ajut\u0103 pe elevi s\u0103 vad\u0103 solu\u021bii complexe pentru rezolvarea problemelor. Proiectele \u0219tiin\u021bifice \u0219colare sunt reimaginate prin introducerea roboticii, a program\u0103rii \u0219i a imprim\u0103rii 3D.<\/p>\n<p style=\"text-align: justify;\">Acestea sunt bazele multor profesii care sunt deja populare pe pia\u021ba muncii, cu un mare poten\u021bial de cre\u0219tere \u0219i extindere viitoare. Familiarizarea elevilor cu toate ramurile sistemului STIAM (\u0218tiin\u021b\u0103, Tehnologie, Inginerie, Arte \u0219i Matematic\u0103) deschide u\u0219a c\u0103tre viitoare progrese profesionale. Ast\u0103zi, \u201ecrearea unui robot nu mai \u00eenseamn\u0103 doar proiectarea lui \u0219i fabricarea pieselor sale prin imprimare 3D, ci \u0219i programarea comportamentului acestuia\u201d. Un laborator inteligent este un concept integrat de \u00eenv\u0103\u021bare personalizat\u0103, prin care elevii pot explora prin tehnologie aplicat\u0103, \u00eenv\u0103\u021barea bazat\u0103 pe proiecte, pentru o varietate de discipline. De la mobilier \u0219i tehnologie, la hardware\/software \u0219i kituri de construc\u021bie, p\u00e2n\u0103 la curriculum \u0219i evaluare, toate componentele laboratorului func\u021bioneaz\u0103 \u00eempreun\u0103 pentru a sprijini \u00eenv\u0103\u021barea practic\u0103. Laboratorul inteligent permite abordarea tuturor stilurilor de \u00eenv\u0103\u021bare, permi\u021b\u00e2nd fiec\u0103ruia s\u0103 lucreze la propriul nivel \u0219i ritm. Elevii dob\u00e2ndesc abilit\u0103\u021bi, precum colaborarea, managementul timpului \u0219i al proiectelor, adaptabilitatea, auto-direc\u021bionarea \u0219i comunicarea, care \u00eei vor preg\u0103ti pentru via\u021ba de adult. Prin acest proiect ne propunem ca to\u021bi elevii s\u0103 aib\u0103 acces gratuit la educa\u021bie digital\u0103 avansat\u0103.<\/p>\n<div class=\"xdj266r x14z9mp xat24cr x1lziwak x1vvkbs x126k92a\">\n<div dir=\"auto\">\n<h4><strong>Detalii selec\u021bie Beneficiar<\/strong><\/h4>\n<h4><strong>Beneficiar:<\/strong><\/h4>\n<h4><strong>COLEGIUL NATIONAL &#8220;ELENA CUZA&#8221; CRAIOVA<\/strong><\/h4>\n<h4><strong>Cod SIIR:\u00a01661105519<\/strong><\/h4>\n<h4><strong>Proiect<\/strong><\/h4>\n<h4><strong>F-PNRR-SmartLabs-2023-1095<\/strong><\/h4>\n<h4><strong>Dotarea cu laboratoare inteligente a Colegiului Na\u021bional \u201dElena Cuza\u201d<\/strong><\/h4>\n<h4><strong>Investitia 9<\/strong><\/h4>\n<h4><strong>Valoare eligibila (cu TVA):\u00a0702.301,85\u00a0lei<\/strong><\/h4>\n<\/div>\n<div dir=\"auto\">Colegiul Na\u021bional \u201eElena Cuza\u201d a achizi\u021bionat prin acest program:<\/div>\n<\/div>\n<p><!--more--><\/p>\n<div class=\"x14z9mp xat24cr x1lziwak x1vvkbs xtlvy1s x126k92a\">\n<div dir=\"auto\">1. Display Interactiv 65&#8243;<\/div>\n<div dir=\"auto\">2. Suport de perete tabla interactiva<\/div>\n<div dir=\"auto\">3. Imprimanta 3D monocroma<\/div>\n<div dir=\"auto\">4. Imprimanta 3D policolora<\/div>\n<div dir=\"auto\">5. Scanner 3D<\/div>\n<div dir=\"auto\">6. Kit 1 Robot cu bra\u021b multifunc\u021bional<\/div>\n<div dir=\"auto\">7. Kit 12 Roboti cu bra\u021b multifunc\u021bional<\/div>\n<div dir=\"auto\">8. Kituri robotice pentru \u00eencep\u0103tori sau avansa\u021bi<\/div>\n<div dir=\"auto\">9. Kituri robotice pentru \u00eencep\u0103tori sau avansa\u021bi 12 + licenta<\/div>\n<div dir=\"auto\">10. Creion 3D<\/div>\n<div dir=\"auto\">11. Kit 12 x Ochelari de realitate virtual\u0103 VR\/AR<\/div>\n<div dir=\"auto\">12. Kit 20 x Ochelari de realitate virtual\u0103 VR\/AR<\/div>\n<div dir=\"auto\">13. Camera Videoconferinta<\/div>\n<div dir=\"auto\">14. Sistem de sunet<\/div>\n<div dir=\"auto\">15. Laptop<\/div>\n<div dir=\"auto\">16. All in one<\/div>\n<div dir=\"auto\">17. Camera de documente<\/div>\n<div dir=\"auto\">18. Statie de incarcare<\/div>\n<div dir=\"auto\">19. Mobilier SMART STEAM (masa si scaun)<\/div>\n<div dir=\"auto\">20. Mobilier imprimanta 3D<\/div>\n<div dir=\"auto\">21. Kit robotica &#8211; mBot<\/div>\n<div dir=\"auto\">22. Drona programabila<\/div>\n<div dir=\"auto\">23. Licenta ochelari 3D (abonament 3 ani)<\/div>\n<div dir=\"auto\">24. Platform\u0103 e-learning creare con\u021binut educa\u021bional (20 profesori, 3 ani)<\/div>\n<div dir=\"auto\">25. Laborator digital pentru limbi straine ProLang pentru 32 elevi sau echivalent<\/div>\n<div dir=\"auto\">26. Servicii de instalare \u0219i conectare<\/div>\n<div dir=\"auto\">27. Servicii de instruire si formare a cadrelor didactice &#8211; 2 sesiuni de cate 24 ore<\/div>\n<div dir=\"auto\">Mai multe detalii pe pagina: <a href=\"https:\/\/uefiscdi.gov.ro\/index.php\" target=\"_blank\" rel=\"noopener\">https:\/\/uefiscdi.gov.ro\/index.php<\/a><\/div>\n<\/div>\n","protected":false},"excerpt":{"rendered":"<p>PNRR. Finan\u021bat de Uniunea European\u0103 \u2013 Urm\u0103toareaGenera\u021bieUE Denumire institu\u021bie: COLEGIUL NA\u0162IONAL &#8220;ELENA CUZA&#8221; CRAIOVA Adres\u0103: MUN. CRAIOVA, STR. MIHAI VITEAZUL, NR. 12, JUD. DOLJ Cod proiect: F-PNRR-SmartLabs-2023-1095 Contextul proiectului Tehnologia este un instrument puternic care sprijin\u0103 \u0219i transform\u0103 educa\u021bia la nivel mondial. Prin intermediul tehnologiei educa\u021bionale, designerii educa\u021bionali pot profita [&hellip;]<\/p>\n","protected":false},"author":1,"featured_media":0,"parent":0,"menu_order":0,"comment_status":"closed","ping_status":"closed","template":"template-full-width.php","meta":[],"_links":{"self":[{"href":"http:\/\/elenacuza.ro\/index.php?rest_route=\/wp\/v2\/pages\/6692"}],"collection":[{"href":"http:\/\/elenacuza.ro\/index.php?rest_route=\/wp\/v2\/pages"}],"about":[{"href":"http:\/\/elenacuza.ro\/index.php?rest_route=\/wp\/v2\/types\/page"}],"author":[{"embeddable":true,"href":"http:\/\/elenacuza.ro\/index.php?rest_route=\/wp\/v2\/users\/1"}],"replies":[{"embeddable":true,"href":"http:\/\/elenacuza.ro\/index.php?rest_route=%2Fwp%2Fv2%2Fcomments&post=6692"}],"version-history":[{"count":5,"href":"http:\/\/elenacuza.ro\/index.php?rest_route=\/wp\/v2\/pages\/6692\/revisions"}],"predecessor-version":[{"id":7103,"href":"http:\/\/elenacuza.ro\/index.php?rest_route=\/wp\/v2\/pages\/6692\/revisions\/7103"}],"wp:attachment":[{"href":"http:\/\/elenacuza.ro\/index.php?rest_route=%2Fwp%2Fv2%2Fmedia&parent=6692"}],"curies":[{"name":"wp","href":"https:\/\/api.w.org\/{rel}","templated":true}]}}