{"id":569,"date":"2013-09-12T04:22:27","date_gmt":"2013-09-12T04:22:27","guid":{"rendered":"http:\/\/elenacuza.ro\/wp\/?page_id=569"},"modified":"2015-10-06T05:07:11","modified_gmt":"2015-10-06T05:07:11","slug":"proiectul-comenius-wanderung","status":"publish","type":"page","link":"http:\/\/elenacuza.ro\/?page_id=569","title":{"rendered":"\u201cWANDERUNG\u201d"},"content":{"rendered":"<p align=\"center\"><b>PROIECTUL MULTILATERAL COMENIUS<\/b><\/p>\n<p align=\"center\"><b>\u201cWANDERUNG\u201d (\u201cDRUME\u0162IILE\u201d)<\/b><\/p>\n<p align=\"center\"><b>NR. COM-11-PM-220-DJ-DE<\/b><\/p>\n<p align=\"center\"><b>2011-2013<\/b><\/p>\n<p align=\"center\"><strong><i>Acest proiect a fost finan\u0163at cu sprijinul Comisiei Europene. Aceast\u0103 publica\u0163ie (comunicare) reflect\u0103 numai punctul de vedere al autorului \u015fi Comisia nu este responsabil\u0103 pentru eventuala utilizare a informa\u0163iilor pe care le con\u0163ine.<\/i><\/strong><\/p>\n<p>\u00a0\u00a0 \u00a0\u00a0\u00a0\u00a0\u00a0\u00a0\u00a0\u00a0 Proiectul multilateral Comenius \u201cWanderungen\u201d(Drume\u0163iile) se desf\u0103\u015foar\u0103 \u00eentre 2011-2013, este finan\u0163at din fonduri europene \u015fi la aceste\u00a0 activit\u0103\u0163i particip\u0103 \u015fcoli din 6 \u0163\u0103ri:<\/p>\n<ul>\n<li>Colegiul Na\u0163ional \u201cElena Cuza\u201d, din Craiova, Rom\u00e2nia,<\/li>\n<li>Realschule Zusmarshausen din Germania,<\/li>\n<li>Liceul Inkilap Lisesi din Kocaeli, Turcia,<\/li>\n<li>Zespol szkot Lzcealnizch w Lezajsku din Polonia,<\/li>\n<li>\u015ecoala primar\u0103 de Arte Rymarov din Cehia ,<\/li>\n<li>Liceul Clasic \u201dAlfredo Oriani\u201d din Corato, Italia.<\/li>\n<\/ul>\n<p>Numele proiectului este foarte interesant, deoarece cuv\u00e2ntul \u201cWanderungen\u201d (Drume\u0163iile) are foarte multe semnifica\u0163ii: drume\u0163ia, migra\u0163ia popoarelor,\u00a0 r\u0103sp\u00e2ndirea cuno\u015ftin\u0163elor \u00een spa\u0163iu \u015fi timp (teorema lui Pitagora) \u015fi emigrarea, iar limba de lucru a proiectului este german\u0103, pentru a promova studiul acestei limbi str\u0103ine \u00een cadrul institu\u0163iei \u015fi nu numai.<\/p>\n<p>Coordonator al proiectului din partea Rom\u00e2niei este Camelia Cristea, profesor de limba german\u0103 la Colegiul Na\u0163ional \u201cElena Cuza\u201d.<\/p>\n<p>\u00cen cadrul proiectului au avut loc 7 \u00eent\u00e2lniri, \u00eencep\u00e2nd cu Germania \u015fi \u00eencheidu-se tot cu accea\u015fi \u0163ar\u0103. \u00cen celelalte \u0163\u0103ri participante a avut loc c\u00e2te o \u00eent\u00e2lnire, reuniunile din Rom\u00e2nia \u015fi Cehia fiind at\u00e2t cu profesori, c\u00e2t \u015fi cu elevi.<\/p>\n<p>Din echipa proiectului au f\u0103cut parte 12 profesori rom\u00e2ni \u015fi 12 elevi, dar grupul cu ajutorul c\u0103ruia s-au desf\u0103\u015furat activit\u0103\u0163ile a fost mult mai numeros: aproximativ 20 de profesori \u015fi peste 200 de elevi.<\/p>\n","protected":false},"excerpt":{"rendered":"<p>PROIECTUL MULTILATERAL COMENIUS \u201cWANDERUNG\u201d (\u201cDRUME\u0162IILE\u201d) NR. COM-11-PM-220-DJ-DE 2011-2013 Acest proiect a fost finan\u0163at cu sprijinul Comisiei Europene. Aceast\u0103 publica\u0163ie (comunicare) reflect\u0103 numai punctul de vedere al autorului \u015fi Comisia nu este responsabil\u0103 pentru eventuala utilizare a informa\u0163iilor pe care le con\u0163ine. \u00a0\u00a0 \u00a0\u00a0\u00a0\u00a0\u00a0\u00a0\u00a0\u00a0 Proiectul multilateral Comenius \u201cWanderungen\u201d(Drume\u0163iile) se desf\u0103\u015foar\u0103 \u00eentre [&hellip;]<\/p>\n","protected":false},"author":1,"featured_media":0,"parent":0,"menu_order":0,"comment_status":"closed","ping_status":"closed","template":"template-full-width.php","meta":[],"_links":{"self":[{"href":"http:\/\/elenacuza.ro\/index.php?rest_route=\/wp\/v2\/pages\/569"}],"collection":[{"href":"http:\/\/elenacuza.ro\/index.php?rest_route=\/wp\/v2\/pages"}],"about":[{"href":"http:\/\/elenacuza.ro\/index.php?rest_route=\/wp\/v2\/types\/page"}],"author":[{"embeddable":true,"href":"http:\/\/elenacuza.ro\/index.php?rest_route=\/wp\/v2\/users\/1"}],"replies":[{"embeddable":true,"href":"http:\/\/elenacuza.ro\/index.php?rest_route=%2Fwp%2Fv2%2Fcomments&post=569"}],"version-history":[{"count":4,"href":"http:\/\/elenacuza.ro\/index.php?rest_route=\/wp\/v2\/pages\/569\/revisions"}],"predecessor-version":[{"id":573,"href":"http:\/\/elenacuza.ro\/index.php?rest_route=\/wp\/v2\/pages\/569\/revisions\/573"}],"wp:attachment":[{"href":"http:\/\/elenacuza.ro\/index.php?rest_route=%2Fwp%2Fv2%2Fmedia&parent=569"}],"curies":[{"name":"wp","href":"https:\/\/api.w.org\/{rel}","templated":true}]}}