{"id":2917,"date":"2018-03-20T05:28:52","date_gmt":"2018-03-20T05:28:52","guid":{"rendered":"http:\/\/elenacuza.ro\/wp\/?page_id=2917"},"modified":"2018-09-10T05:44:36","modified_gmt":"2018-09-10T05:44:36","slug":"hotarari-c-a-2018","status":"publish","type":"page","link":"http:\/\/elenacuza.ro\/?page_id=2917","title":{"rendered":"Hot\u0103r\u00e2ri C.A. 2018"},"content":{"rendered":"<p><a href=\"http:\/\/elenacuza.ro\/wp\/wp-content\/uploads\/2018\/03\/hotararea1.pdf\" target=\"_blank\">Hot\u0103r\u00e2rea nr. 1 &#8211; Modificare decizii de numire<\/a><\/p>\n<p><a href=\"http:\/\/elenacuza.ro\/wp\/wp-content\/uploads\/2018\/03\/hotararea2.pdf\" target=\"_blank\">Hot\u0103r\u00e2rea nr. 2 &#8211; Acord men\u021binere profesori ca titulari, \u00een func\u021bia didactic\u0103, p\u00e2n\u0103 la 3 ani peste v\u00e2rsta de pensionare<\/a><\/p>\n<p><a href=\"http:\/\/elenacuza.ro\/wp\/wp-content\/uploads\/2018\/03\/hotararea3.pdf\" target=\"_blank\">Hot\u0103r\u00e2rea nr. 3 &#8211; Calificative personal nedidactic<\/a><\/p>\n<p><a href=\"http:\/\/elenacuza.ro\/wp\/wp-content\/uploads\/2018\/03\/hotararea4.pdf\" target=\"_blank\">Hot\u0103r\u00e2rea nr. 4 &#8211; Aprobare pachete CDS<\/a><\/p>\n<p><a href=\"http:\/\/elenacuza.ro\/wp\/wp-content\/uploads\/2018\/03\/hotararea5.pdf\" target=\"_blank\">Hot\u0103r\u00e2rea nr. 5 &#8211; Aprobare constituire Comisie de Mobilitate<\/a><\/p>\n<p><a href=\"http:\/\/elenacuza.ro\/wp\/wp-content\/uploads\/2018\/03\/hotararea6.pdf\" target=\"_blank\">Hot\u0103r\u00e2rea nr. 6 &#8211; Aprobare concediu f\u0103r\u0103 plat\u0103 Udrescu Roxana<\/a><\/p>\n<p><a href=\"http:\/\/elenacuza.ro\/wp\/wp-content\/uploads\/2018\/03\/hotararea7.pdf\" target=\"_blank\">Hot\u0103r\u00e2rea nr. 7 &#8211; Aprobare acordare procent burse<\/a><\/p>\n<p><a href=\"http:\/\/elenacuza.ro\/wp\/wp-content\/uploads\/2018\/03\/hotararea8.pdf\" target=\"_blank\">Hot\u0103r\u00e2rea nr. 8 &#8211; Aprobare plan \u00eencadrare cu personal<\/a><\/p>\n<p><a href=\"http:\/\/elenacuza.ro\/wp\/wp-content\/uploads\/2018\/03\/hotararea9.pdf\" target=\"_blank\">Hot\u0103r\u00e2rea nr. 9 &#8211; Aprobare transferuri elevi<\/a><\/p>\n<p><a href=\"http:\/\/elenacuza.ro\/wp\/wp-content\/uploads\/2018\/03\/hotararea10.pdf\" target=\"_blank\">Hot\u0103r\u00e2rea nr. 10 &#8211; Aviz consultativ elevi pleca\u021bi din unitate<\/a><\/p>\n<p><a href=\"http:\/\/elenacuza.ro\/wp\/wp-content\/uploads\/2018\/03\/hotararea11.pdf\" target=\"_blank\">Hot\u0103r\u00e2rea nr. 11 &#8211; Aprobare program de recuperare ore<\/a><\/p>\n<p><a href=\"http:\/\/elenacuza.ro\/wp\/wp-content\/uploads\/2018\/03\/hotararea12.pdf\" target=\"_blank\">Hot\u0103r\u00e2rea nr. 12 &#8211; Aprobare prelungire contract de munc\u0103<\/a><\/p>\n<p><a href=\"http:\/\/elenacuza.ro\/wp\/wp-content\/uploads\/2018\/03\/hotararea13.pdf\" target=\"_blank\">Hot\u0103r\u00e2rea nr. 13 &#8211; Aprobare criterii specifice pretransfer<\/a><\/p>\n<p><a href=\"http:\/\/elenacuza.ro\/wp\/wp-content\/uploads\/2018\/03\/hotararea14.pdf\" target=\"_blank\">Hot\u0103r\u00e2rea nr. 14- Aprobare criterii specifice \u00eenscriere clas\u0103 preg\u0103titoare<\/a><\/p>\n<p><a href=\"http:\/\/elenacuza.ro\/wp\/wp-content\/uploads\/2018\/03\/hotararea15.pdf\" target=\"_blank\">Hot\u0103r\u00e2rea nr. 15- Aprobare casare mijloace fixe<\/a><\/p>\n<p><a href=\"http:\/\/elenacuza.ro\/wp\/wp-content\/uploads\/2018\/03\/hotararea16.pdf\" target=\"_blank\">Hot\u0103r\u00e2rea nr. 16- Aprobare burse semestrul II<\/a><\/p>\n<p><a href=\"http:\/\/elenacuza.ro\/wp\/wp-content\/uploads\/2018\/03\/hotararea17.pdf\" target=\"_blank\">Hot\u0103r\u00e2rea nr. 17- Aprobare recuperare cursuri<\/a><\/p>\n<p><a href=\"http:\/\/elenacuza.ro\/wp\/wp-content\/uploads\/2018\/03\/hotararea18.pdf\" target=\"_blank\">Hot\u0103r\u00e2rea nr. 18 &#8211; Aprobare Program Ziua Por\u021bilor Deschise<\/a><\/p>\n<p><a href=\"http:\/\/elenacuza.ro\/wp\/wp-content\/uploads\/2018\/03\/hotararea19.pdf\" target=\"_blank\">Hot\u0103r\u00e2rea nr. 19 &#8211; Acordare consim\u021b\u0103m\u00e2nt transfer restr\u00e2ngere de activitate<\/a><\/p>\n<p><a href=\"http:\/\/elenacuza.ro\/wp\/wp-content\/uploads\/2018\/03\/hotararea20.pdf\" target=\"_blank\">Hot\u0103r\u00e2rea nr.\u00a020 &#8211; Aprobare Concediu f\u0103r\u0103 Plat\u0103 B\u0103dulescu Laviniu<\/a><\/p>\n<p><a href=\"http:\/\/elenacuza.ro\/wp\/wp-content\/uploads\/2018\/03\/hotararea21.pdf\" target=\"_blank\">Hot\u0103r\u00e2rea nr.\u00a021 &#8211; Aprobare burse \u0219colare<\/a><\/p>\n<p><a href=\"http:\/\/elenacuza.ro\/wp\/wp-content\/uploads\/2018\/03\/hotararea22.pdf\" target=\"_blank\">Hot\u0103r\u00e2rea nr.\u00a022 &#8211; Aprobare Orar \u201e\u0218coala Altfel\u201d<\/a><\/p>\n<p><a href=\"http:\/\/elenacuza.ro\/wp\/wp-content\/uploads\/2018\/03\/hotararea23.pdf\" target=\"_blank\">Hot\u0103r\u00e2rea nr.\u00a023 &#8211; Acord de principiu transfer Robu Marian<\/a><\/p>\n<p><a href=\"http:\/\/elenacuza.ro\/wp\/wp-content\/uploads\/2018\/03\/hotararea24.pdf\" target=\"_blank\">Hot\u0103r\u00e2rea nr.\u00a024 &#8211; Aprobare perioade \u00eencheiere situa\u021bii \u0219colare<\/a><\/p>\n<p><a href=\"http:\/\/elenacuza.ro\/wp\/wp-content\/uploads\/2018\/03\/hotararea25.pdf\" target=\"_blank\">Hot\u0103r\u00e2rea nr.\u00a025 &#8211; Aprobare acordare burs\u0103 \u0219colar\u0103<\/a><\/p>\n<p><a href=\"http:\/\/elenacuza.ro\/wp\/wp-content\/uploads\/2018\/03\/hotararea26.pdf\" target=\"_blank\">Hot\u0103r\u00e2rea nr.\u00a026 &#8211; Acordare calificative par\u021biale<\/a><\/p>\n<p><a href=\"http:\/\/elenacuza.ro\/wp\/wp-content\/uploads\/2018\/03\/hotararea27.pdf\" target=\"_blank\">Hot\u0103r\u00e2rea nr.\u00a027 &#8211; Aprobare constituire Comisii \u0218colare<\/a><\/p>\n<p><a href=\"http:\/\/elenacuza.ro\/wp\/wp-content\/uploads\/2018\/03\/hotararea28.pdf\" target=\"_blank\">Hot\u0103r\u00e2rea nr.\u00a028 &#8211; Aprobare tarife cazare \u0219i mas\u0103 Olimpiad\u0103 chimie<\/a><\/p>\n<p><a href=\"http:\/\/elenacuza.ro\/wp\/wp-content\/uploads\/2018\/03\/hotararea29.pdf\" target=\"_blank\">Hot\u0103r\u00e2rea nr.\u00a029 &#8211; Acordare acord\/refuz de principiu pretransfer<\/a><\/p>\n<p><a href=\"http:\/\/elenacuza.ro\/wp\/wp-content\/uploads\/2018\/03\/hotararea30.pdf\" target=\"_blank\">Hot\u0103r\u00e2rea nr.\u00a030 &#8211; Aprobare continuit\u0103\u021bi deta\u0219are<\/a><\/p>\n<p><a href=\"http:\/\/elenacuza.ro\/wp\/wp-content\/uploads\/2018\/03\/hotararea31.pdf\" target=\"_blank\">Hot\u0103r\u00e2rea nr.\u00a031 &#8211; Aprobare constituire Comisii \u0218colare<\/a><\/p>\n<p><a href=\"http:\/\/elenacuza.ro\/wp\/wp-content\/uploads\/2018\/03\/hotararea32.pdf\" target=\"_blank\">Hot\u0103r\u00e2rea nr.\u00a032 &#8211; Acordare acord de principiu deta\u0219are<\/a><\/p>\n<p><a href=\"http:\/\/elenacuza.ro\/wp\/wp-content\/uploads\/2018\/03\/hotararea33.pdf\" target=\"_blank\">Hot\u0103r\u00e2rea nr.\u00a033 &#8211; Acordare 5 zile libere Toader Ana Maria<\/a><\/p>\n<p><a href=\"http:\/\/elenacuza.ro\/wp\/wp-content\/uploads\/2018\/03\/hotararea34.pdf\" target=\"_blank\">Hot\u0103r\u00e2rea nr.\u00a034 &#8211; Aprobare calendar recuperare zile libere<\/a><\/p>\n<p><a href=\"http:\/\/elenacuza.ro\/wp\/wp-content\/uploads\/2018\/03\/hotararea35.pdf\" target=\"_blank\">Hot\u0103r\u00e2rea nr.\u00a035 &#8211; Aprobare constituire Comisii \u0218colare<\/a><\/p>\n<p><a href=\"http:\/\/elenacuza.ro\/wp\/wp-content\/uploads\/2018\/03\/hotararea36.pdf\" target=\"_blank\">Hot\u0103r\u00e2rea nr.\u00a036 &#8211; Neacordare acord<\/a><\/p>\n<p>&nbsp;<\/p>\n<p>&nbsp;<\/p>\n<p>&nbsp;<\/p>\n<p>&nbsp;<\/p>\n<p>&nbsp;<\/p>\n<p>&nbsp;<\/p>\n<p>&nbsp;<\/p>\n<p>&nbsp;<\/p>\n<p>&nbsp;<\/p>\n<p>&nbsp;<\/p>\n<p>&nbsp;<\/p>\n<p>&nbsp;<\/p>\n<p>&nbsp;<\/p>\n<p>&nbsp;<\/p>\n<p>&nbsp;<\/p>\n<p>&nbsp;<\/p>\n<p>&nbsp;<\/p>\n<p>&nbsp;<\/p>\n<p>&nbsp;<\/p>\n<p>&nbsp;<\/p>\n","protected":false},"excerpt":{"rendered":"<p>Hot\u0103r\u00e2rea nr. 1 &#8211; Modificare decizii de numire Hot\u0103r\u00e2rea nr. 2 &#8211; Acord men\u021binere profesori ca titulari, \u00een func\u021bia didactic\u0103, p\u00e2n\u0103 la 3 ani peste v\u00e2rsta de pensionare Hot\u0103r\u00e2rea nr. 3 &#8211; Calificative personal nedidactic Hot\u0103r\u00e2rea nr. 4 &#8211; Aprobare pachete CDS Hot\u0103r\u00e2rea nr. 5 &#8211; Aprobare constituire Comisie de [&hellip;]<\/p>\n","protected":false},"author":1,"featured_media":0,"parent":0,"menu_order":0,"comment_status":"closed","ping_status":"closed","template":"template-full-width.php","meta":[],"_links":{"self":[{"href":"http:\/\/elenacuza.ro\/index.php?rest_route=\/wp\/v2\/pages\/2917"}],"collection":[{"href":"http:\/\/elenacuza.ro\/index.php?rest_route=\/wp\/v2\/pages"}],"about":[{"href":"http:\/\/elenacuza.ro\/index.php?rest_route=\/wp\/v2\/types\/page"}],"author":[{"embeddable":true,"href":"http:\/\/elenacuza.ro\/index.php?rest_route=\/wp\/v2\/users\/1"}],"replies":[{"embeddable":true,"href":"http:\/\/elenacuza.ro\/index.php?rest_route=%2Fwp%2Fv2%2Fcomments&post=2917"}],"version-history":[{"count":41,"href":"http:\/\/elenacuza.ro\/index.php?rest_route=\/wp\/v2\/pages\/2917\/revisions"}],"predecessor-version":[{"id":2938,"href":"http:\/\/elenacuza.ro\/index.php?rest_route=\/wp\/v2\/pages\/2917\/revisions\/2938"}],"wp:attachment":[{"href":"http:\/\/elenacuza.ro\/index.php?rest_route=%2Fwp%2Fv2%2Fmedia&parent=2917"}],"curies":[{"name":"wp","href":"https:\/\/api.w.org\/{rel}","templated":true}]}}