{"id":1354,"date":"2015-11-11T11:13:35","date_gmt":"2015-11-11T11:13:35","guid":{"rendered":"http:\/\/elenacuza.ro\/wp\/?page_id=1354"},"modified":"2015-11-11T11:15:00","modified_gmt":"2015-11-11T11:15:00","slug":"bacalaureat-francofon","status":"publish","type":"page","link":"http:\/\/elenacuza.ro\/?page_id=1354","title":{"rendered":"Bacalaureat francofon"},"content":{"rendered":"<p style=\"text-align: justify;\">\u00cen urma acordului asupra \u00eenv\u0103\u0163\u0103m\u00e2ntului bilingv \u00eentre Guvernul Republicii Franceze \u015fi Guvernul Rom\u00e2niei, \u00een perioada 2003-2007 s-a desf\u0103\u015furat proiectul pilot &#8220;De la \u00eenv\u0103\u0163\u0103m\u00e2ntul bilingv c\u0103tre filierele francofone&#8221;, care a implicat 15 licee bilingve la nivel na\u0163ional, \u00eentre care \u015fi Colegiul Na\u0163ional &#8220;Elena Cuza&#8221;.<br \/>\nActualmente, proiectul este extins la 25 de licee, \u015fcolarizarea \u00een aceste sec\u0163ii fiind finalizat\u0103 prin bacalaureat cu men\u0163iune special\u0103 francofon\u0103, destinat s\u0103 faciliteze \u00eenscrierea absolven\u0163ilor \u00eentr-o universitate francez\u0103. \u00cen sec\u0163ia respectiv\u0103 exist\u0103 un program de predare a disciplinelor non-lingvistice \u00een limba francez\u0103 (istorie-geografie) de c\u0103tre cadre didactice cu dubl\u0103 specializare.<\/p>\n","protected":false},"excerpt":{"rendered":"<p>\u00cen urma acordului asupra \u00eenv\u0103\u0163\u0103m\u00e2ntului bilingv \u00eentre Guvernul Republicii Franceze \u015fi Guvernul Rom\u00e2niei, \u00een perioada 2003-2007 s-a desf\u0103\u015furat proiectul pilot &#8220;De la \u00eenv\u0103\u0163\u0103m\u00e2ntul bilingv c\u0103tre filierele francofone&#8221;, care a implicat 15 licee bilingve la nivel na\u0163ional, \u00eentre care \u015fi Colegiul Na\u0163ional &#8220;Elena Cuza&#8221;. Actualmente, proiectul este extins la 25 de [&hellip;]<\/p>\n","protected":false},"author":1,"featured_media":0,"parent":0,"menu_order":0,"comment_status":"closed","ping_status":"closed","template":"template-full-width.php","meta":[],"_links":{"self":[{"href":"http:\/\/elenacuza.ro\/index.php?rest_route=\/wp\/v2\/pages\/1354"}],"collection":[{"href":"http:\/\/elenacuza.ro\/index.php?rest_route=\/wp\/v2\/pages"}],"about":[{"href":"http:\/\/elenacuza.ro\/index.php?rest_route=\/wp\/v2\/types\/page"}],"author":[{"embeddable":true,"href":"http:\/\/elenacuza.ro\/index.php?rest_route=\/wp\/v2\/users\/1"}],"replies":[{"embeddable":true,"href":"http:\/\/elenacuza.ro\/index.php?rest_route=%2Fwp%2Fv2%2Fcomments&post=1354"}],"version-history":[{"count":3,"href":"http:\/\/elenacuza.ro\/index.php?rest_route=\/wp\/v2\/pages\/1354\/revisions"}],"predecessor-version":[{"id":1358,"href":"http:\/\/elenacuza.ro\/index.php?rest_route=\/wp\/v2\/pages\/1354\/revisions\/1358"}],"wp:attachment":[{"href":"http:\/\/elenacuza.ro\/index.php?rest_route=%2Fwp%2Fv2%2Fmedia&parent=1354"}],"curies":[{"name":"wp","href":"https:\/\/api.w.org\/{rel}","templated":true}]}}